64 + 10?
2374
In base 12, what is 16 + -7?
b
In base 15, what is 9c + -19?
83
In base 13, what is -5 - 199?
-1a1
In base 4, what is -10 - 1102?
-1112
In base 12, what is 4 + -955?
-951
In base 5, what is -343 + 13?
-330
In base 9, what is 15351 - -3?
15354
In base 8, what is -6 - -547?
541
In base 9, what is 23 + 203?
226
In base 4, what is -22310 - -11?
-22233
In base 15, what is -76 - -1e?
-57
In base 9, what is -8 - -4?
-4
In base 10, what is -7 + 11?
4
In base 10, what is 1 + 280?
281
In base 5, what is 34 - -12?
101
In base 11, what is -19 + 281?
263
In base 8, what is -6 + -25?
-33
In base 3, what is -12 + 200211?
200122
In base 12, what is -3 - 78?
-7b
In base 5, what is -30032 + 2?
-30030
In base 11, what is -4 + 1527?
1523
In base 11, what is -10 + -4?
-14
In base 12, what is 131 + -26?
107
In base 9, what is -4 + 4?
0
In base 9, what is 16 - -25?
42
In base 9, what is 48 + 216?
265
In base 16, what is 55 + 5?
5a
In base 16, what is -b88 + 3?
-b85
In base 16, what is 41 + 2c?
6d
In base 12, what is -9 + -834?
-841
In base 8, what is -47315 - -1?
-47314
In base 4, what is -3133 - 11?
-3210
In base 4, what is -232 + 11?
-221
In base 3, what is -12 - 112?
-201
In base 2, what is 1111 + 100011?
110010
In base 9, what is 2 - 363?
-361
In base 11, what is -83a + -3?
-842
In base 11, what is -5 - -279?
274
In base 16, what is d5 - -a?
df
In base 12, what is -2 - -465?
463
In base 16, what is -10e - -d?
-101
In base 11, what is 835 - -1?
836
In base 11, what is 41a + 3?
422
In base 2, what is 1 - -10110011000?
10110011001
In base 11, what is 66a + -1?
669
In base 8, what is 325 - -2?
327
In base 7, what is 2 - -125?
130
In base 4, what is 11 + -113?
-102
In base 16, what is 14 + -101?
-ed
In base 13, what is a91 + -9?
a85
In base 8, what is -1 + 1323?
1322
In base 13, what is 7 + -2b?
-24
In base 14, what is -a - -86?
7a
In base 5, what is 14001 + -4?
13442
In base 11, what is -10 + -5?
-15
In base 3, what is 2 + -22111?
-22102
In base 16, what is -4 - d?
-11
In base 11, what is 409 - -2?
410
In base 15, what is -20 + -1?
-21
In base 8, what is 124 + 13?
137
In base 13, what is 25c7 - 2?
25c5
In base 9, what is 1875 + 1?
1876
In base 2, what is 100 + 111010?
111110
In base 11, what is -450 + 0?
-450
In base 11, what is 77 + -5?
72
In base 16, what is 12 + -37?
-25
In base 4, what is -1 - -2021?
2020
In base 13, what is -6 - -4?
-2
In base 15, what is -4 - 1e8?
-1ec
In base 9, what is -5 - -16?
11
In base 5, what is 2 - -34440?
34442
In base 6, what is -234 + 352?
114
In base 4, what is -12130 + 3?
-12121
In base 2, what is 1011 + 11010101?
11100000
In base 8, what is -20 + -151?
-171
In base 6, what is 2 - -311?
313
In base 15, what is -2 - 184?
-186
In base 11, what is -3 - -3308?
3305
In base 13, what is 4b - -1c?
6a
In base 2, what is -101 - 100?
-1001
In base 3, what is 22 + 12101?
12200
In base 8, what is -3 + -423?
-426
In base 6, what is 1521 + 0?
1521
In base 4, what is -11112 + 1?
-11111
In base 15, what is 8 + -7e?
-76
In base 15, what is -37 - 27?
-5e
In base 6, what is -24 + 32?
4
In base 2, what is -10010110011101 - 0?
-10010110011101
In base 16, what is 66 + -4?
62
In base 7, what is 62 - 35?
24
In base 16, what is 4 - -99?
9d
In base 5, what is -11 + 342?
331
In base 11, what is 205 - 64?
151
In base 2, what is 11 - 1101110011?
-1101110000
In base 8, what is -5 + -3?
-10
In base 14, what is -31 - 5?
-36
In base 10, what is -18 - -4?
-14
In base 2, what is -1 + 1111101?
1111100
In base 8, what is 373 + -3?
370
In base 16, what is ba9 - -3?
bac
In base 5, what is -43 + -410?
-1003
In base 6, what is -1044 - 4?
-1052
In base 6, what is 3 + 513?
520
In base 8, what is -21 + -42?
-63
In base 16, what is -a - 10e?
-118
In base 11, what is 430 + 0?
430
In base 10, what is -28 + -3?
-31
In base 2, what is 10001100 - -100?
10010000
In base 8, what is 10 + -10?
0
In base 4, what is 32202 + 1?
32203
In base 3, what is 2021 - -1010?
10101
In base 7, what is -4510 - 1?
-4511
In base 9, what is -62 - 5?
-67
In base 7, what is 2626 + -1?
2625
In base 10, what is -556 - 1?
-557
In base 11, what is -10 + -17?
-27
In base 2, what is 10100110001 - -10?
10100110011
In base 9, what is 2 - 273?
-271
In base 8, what is 127 + -106?
21
In base 9, what is -1 + -1571?
-1572
In base 4, what is -111 - -13021?
12310
In base 6, what is 3215 + -2?
3213
In base 11, what is -680 + 2?
-679
In base 14, what is 4 + -21a?
-216
In base 6, what is 1 - -1535?
1540
In base 10, what is 20437 - -3?
20440
In base 2, what is 11011101100 + 1?
11011101101
In base 7, what is 214 + 3?
220
In base 12, what is -3 - 279?
-280
In base 4, what is 12011 - -1?
12012
In base 5, what is 2 + -1141?
-1134
In base 13, what is 4a - 3c?
b
In base 3, what is 0 + -121210?
-121210
In base 6, what is 4 - 2045?
-2041
In base 10, what is 1916 - 2?
1914
In base 16, what is 3 + -191?
-18e
In base 2, what is 111100 + 11100?
1011000
In base 15, what is d - 5d5?
-5c7
In base 9, what is 120 + 5?
125
In base 2, what is -11 + -11011001000?
-11011001011
In base 5, what is -410 + 2?
-403
In base 8, what is -2 - 31?
-33
In base 5, what is 242210 + -10?
242200
In base 4, what is 10 - 131?
-121
In base 7, what is -4 + -30?
-34
In base 6, what is -4 + 13?
5
In base 14, what is -ad - 14?
-c3
In base 12, what is -146 - 4?
-14a
In base 10, what is 1 + -26?
-25
In base 7, what is -3601 - -1?
-3600
In base 14, what is 18 + -9a?
-82
In base 15, what is -822 + 8?
-819
In base 4, what is 100 - 21?
13
In base 2, what is 101 + 1010011?
1011000
In base 15, what is 7 + d?
15
In base 8, what is -2032 + 1?
-2031
In base 2, what is 1111 + -100111000?
-100101001
In base 5, what is -313 - 141?
-1004
In base 14, what is -11 - -5b?
4a
In base 15, what is 0 + 1?
1
In base 8, what is 2364 + -3?
2361
In base 4, what is 1 + -2221?
-2220
In base 16, what is -38 + -f?
-47
In base 16, what is 29c5 + 0?
29c5
In base 15, what is 1830 + -6?
1829
In base 7, what is 46 + 36?
115
In base 12, what is 3 + -10?
-9
In base 5, what is -1123424 - 3?
-1123432
In base 14, what is 110 + -4?
10a
In base 6, what is -2 + 220?
214
In base 2, what is -100 + 111?
11
In base 10, what is -69 - -2?
-67
In base 4, what is 101 + 20232?
20333
In base 8, what is -515 + -1?
-516
In base 8, what is 176 - -154?
352
In base 12, what is b + -9?
2
In base 3, what is 1 + -2111?
-2110
In base 14, what is 5 + 38?
3d
In base 13, what is 2 + -586?
-584
In base 8, what is -1 + 1314?
1313
In base 15, what is 7 - 16?
-e
In base 15, what is -69 + b?
-5d
In base 3, what is 10 + 2001?
2011
In base 14, what is -4 + 2aa?
2a6
In base 14, what is -5 - -c7?
c2
In base 11, what is -260 - -11?
-24a
In base 15, what is 147 + -2?
145
In base 8, what is -274 + 15?
-257
In base 15, what is -4 - 183?
-187
In base 11, what is 108 + -5?
103
In base 11, what is 23 + -2?
21
In base 6, what is 1 + -10005?
-10004
In base 5, what is -123 + 1231?
1103
In base 10, what is 4114 - -3?
4117
In base 8, what is -1 - -2?
1
In base 10, what is 1 + 6282?
6283
In base 7, what is 10 + -35?
-25
In base 2, what is -110111111 + 100?
-110111011
In base 3, what is -20202022 + -1?
-20202100
In base 13, what is 5 + 200?
205
In base 10, what is 3 + -2156?
-2153
In base 5, what is 24 + -440?
-411
In base 7, what is -24532 - 0?
-24532
In base 9, what is -104 - 3?
-107
In base 11, what is 240 + -3?
238
In base 4, what is 2 + 100?
102
In base 11, what is 6 + -259?
-253
In base 12, what is 1 + 2a?
2b
In base 13, what is -299 + -4?
-2a0
In base 8, what is 3 - -160?
163
In base 13, what is -1 - -20?
1c
In base 9, what is 3 - -61?
64
In base 3, what is -110 + 12120?
12010
In base 6, what is -1330 + 2?
-1324
In base 6, what is -150 + 5?
-141
In base 15, what is 1407 - -4?
140b
In base 12, what is -763 - 4?
-767
In base 16, what is c - -4ee?
4fa
In base 4, what is 1013023 + -3?
1013020
In base 11, what is -1 + -42?
-43
In base 4, what is 1 - 30312?
-30311
In base 2, what is -1010 + -11011101?
-11100111
In base 2, what is 1110110 - 1001?
1101101
In base 9, what is -2056 - 5?
-2062
In base 9, what is 0 + 1083?
1083
In base 10, what is 40 - 441?
-401
In base 15, what is -81 - -4e?
-32
In base 7, what is -4361 + -5?
-4366
In base 6, what is -1331 - 1?
-1332
In base 11, what is 6 + -49?
-43
In base 14, what is 9 - -1?
a
In base